9727 - -65612. What are the prime factors of l?
5, 31, 167
Let b = 115 - 36. Let k = 83 - b. Let f = k + 72. What are the prime factors of f?
2, 19
Let n(i) = -i**2 + 2*i + 1. Let z be n(4). Let l(u) = -u**3 + 30*u**2 + 66*u - 111. Let m be l(32). Let c = z - m. What are the prime factors of c?
2, 5
Suppose -25*z + 30*z - 155 = 0. Suppose w - 420 = -z. Suppose 8*c + w = 1157. List the prime factors of c.
2, 3
Suppose 2*n - 3*x - 30706 = 0, -5*n = -3*n + 3*x - 30694. What are the prime factors of n?
2, 5, 307
Suppose -16*g = 4*a - 218160, 15*a + 218160 = 19*a - 4*g. List the prime factors of a.
2, 3, 5, 101
Let v(k) = -243*k + 179. List the prime factors of v(-21).
2, 19, 139
Let q be ((-36)/(-3))/4 + -78. Let l(o) = 2*o**2 + 32*o - 38. Let x be l(-17). List the prime factors of (-15)/(q/820) - (0 - x).
2, 5
Let l(s) = 9 + 17 - 8 - 1 + 4*s**2 + 116*s**2 - 6*s. List the prime factors of l(3).
13, 83
Let o = 56448 + -40176. What are the prime factors of o?
2, 3, 113
Let n(o) = o**2 - 9*o - 56. Let s be n(14). Suppose -s*k + 8733 = 2433. What are the prime factors of k?
2, 3, 5
Let c be ((-48)/(-30))/(1/(-10)). Let l be c/(-20)*(-50)/(-4). Let o(u) = u**3 - 11*u**2 + 10*u + 8. List the prime factors of o(l).
2
Let h(f) = 42*f**3 + 11*f**2 - 107*f - 25. List the prime factors of h(6).
13, 677
Let c = 421 - -1159. List the prime factors of c.
2, 5, 79
Suppose -5*b + 758 = -782. List the prime factors of 12/(-14) + 60940/b.
197
Suppose -16*r - 89 - 151 = 0. List the prime factors of (-1926)/r + (-26)/65.
2
Let z = -100 + 90. Let r be (-18)/(-45)*z/(-1) + -3. What are the prime factors of (-2)/(-7) - r/((-42)/1962)?
47
Let k = -1958 + 732. Let u = -514 - k. List the prime factors of u.
2, 89
Let g(v) be the third derivative of -v**4 + 2*v**3 + 30*v**2. What are the prime factors of g(-8)?
2, 3, 17
Suppose -9184 = 34*f - 27*f. Let w = f - -2264. List the prime factors of w.
2, 7, 17
Suppose -4*h + 234 = 3*w, w + 3*w = -h + 52. Suppose -8*d + 1097 = -279. Let g = d - h. List the prime factors of g.
2, 7
Let z(t) be the second derivative of t**5/20 + t**3/6 + 3*t**2 - 164*t + 1. What are the prime factors of z(0)?
2, 3
Let i = 29 + -77. Let n = i - -51. Suppose -v = 3*w - 242, -2*w - 62 = -n*w - 5*v. List the prime factors of w.
2, 41
Let h be (-176)/(-30) + 9/((-540)/(-8)). Suppose h = -3*s - 0*s. Let f(r) = -119*r - 8. What are the prime factors of f(s)?
2, 5, 23
Suppose 113588 = 5*k - 4*c, 4*k + 0*k - 12*c - 90800 = 0. What are the prime factors of k?
2, 13, 19, 23
Suppose i + 9*i - 100 = 0. Suppose -4*x + 5*y = 2, -i = -2*x - 3*y - 0*y. What are the prime factors of 4 + (x + -6 - -107)?
107
Suppose -10 = 2*d, -2*d + d = 2*a - 10069. Suppose -14*s - 9*s = -a. What are the prime factors of s?
3, 73
Suppose 3*n - 4*a = a + 299, 0 = -4*a - 4. Let c = 200 - n. Suppose 4*g - 66 - c = 0. What are the prime factors of g?
2, 3, 7
Suppose 5*w - 60 = -5*z, -2*w + 3*z = w - 12. Let j = -18 - w. Let u = 37 + j. List the prime factors of u.
11
Suppose 136*t - 264641 = 365175. What are the prime factors of t?
11, 421
Suppose 83*m + 1212 = -18*m. Let g(h) = -2*h**3 - 2*h**2 + h + 1. Let p be g(-2). What are the prime factors of (2/7 - m/p) + 128?
2, 5, 13
Suppose 0 = -4*w + 24, 24*n + 97365 = 27*n - 4*w. What are the prime factors of n?
3, 3607
Let s be ((-92)/12)/((-11)/(-99)). Let i = 278 + s. List the prime factors of i.
11, 19
Let j = -2742 - -6344. What are the prime factors of j?
2, 1801
Let l(n) = 2*n**2 + 94*n + 53. Let b be l(-33). Let x = 1454 + b. What are the prime factors of x?
11, 53
Let g be (-63 - -7)/7 + 13. Let a(k) = 17*k**2 + 4*k - 2. What are the prime factors of a(g)?
443
What are the prime factors of 7346*(1/(-2) + (-168)/(-147)*7)?
3, 5, 3673
Let u = 367 + -193. Let h be 6/(-21) + 74/14. Suppose -u = -h*y - 24. What are the prime factors of y?
2, 3, 5
Let s = -111 + 193. Let u be 25/(-100) + 1863/12. Let b = u - s. What are the prime factors of b?
73
Let s = 8393 - 4364. What are the prime factors of s?
3, 17, 79
Let o = -25245 - -46329. List the prime factors of o.
2, 3, 7, 251
Let l = -224 + 274. List the prime factors of 18*-5*(-185)/l.
3, 37
Suppose 7*z - z = -12. Let d be ((2 + 5)/7)/(z/(-54)). Suppose -3*i - 29 - d = -5*x, 3*i - 4 = -x. List the prime factors of x.
2, 5
Suppose -3*n = -21, -29*n = 2*p - 21*n - 25340. What are the prime factors of p?
2, 3, 7, 43
Suppose -2*z = -3*m - 21, 5*z + 11 - 47 = 2*m. Suppose 171 = -z*o + 3039. List the prime factors of o.
2, 239
Suppose 2*r + v + 12 = -28, 29 = -r + 4*v. Let b be (-360)/(-7) - 12/r. Suppose -h + b = x, -4*h + 3*h + 5*x + 40 = 0. What are the prime factors of h?
2, 5
Suppose -31*w - 5*d - 13 = -32*w, -2*w - 5*d + 101 = 0. Suppose -w*a - 1287 = -47*a. List the prime factors of a.
11, 13
Suppose -3*n + 62259 = 5*b, 143*b - 24909 = 141*b - 3*n. What are the prime factors of b?
2, 3, 5, 83
What are the prime factors of 7122/(50/66 + 62/(-682))?
3, 1187
What are the prime factors of (-3)/9 - -2 - (-3197454)/234?
2, 6833
Suppose -77676 = -11*u + 1425. Suppose 3*k - 5392 = -r, 19*k + u = 23*k + r. List the prime factors of k.
7, 257
Let m(o) = -o**3 + 35*o**2 + 42. What are the prime factors of m(33)?
2, 3, 5, 37
Let d = -94 - -23. Suppose 10 = -5*r - 2*g, 3*r - g - 3*g = -32. Let l = r - d. List the prime factors of l.
67
Suppose 0 = 226*n - 510649 - 2303277. What are the prime factors of n?
12451
Suppose 7647 = 4*s + 5*v, -6*v = 5*s - 10*v - 9610. Suppose -6*l + s = -1622. What are the prime factors of l?
2, 5, 59
Suppose -3*n = -3*d - 6642, 0*n - 2*d - 11073 = -5*n. Suppose 3*m - n = 5*b, -5*m + 2981 = 2*b - 721. What are the prime factors of m?
2, 5, 37
Let k(q) = -212*q**2 - 2*q + 1. Let g be k(1). Let z(u) = -36*u**2 - 16*u - 8. Let v be z(3). Let r = g - v. List the prime factors of r.
167
Suppose -132 = -36*s + 32*s. Suppose -s*f - 6 = -35*f. What are the prime factors of 15/f + (-346)/(-2)?
2, 89
Suppose 51*a = 47*a + l + 91473, a + 2*l = 22857. List the prime factors of a.
13, 1759
Suppose 0 = 5*f - 319 - 1. Let o be (-69)/(-1) - 8/(-1). Suppose o - f = p. What are the prime factors of p?
13
Let q = -62 + 66. Let j(r) = -14*r - q*r - 19 + 19. What are the prime factors of j(-5)?
2, 3, 5
Suppose -8*f - 574 - 1522 = 0. Let g = 472 + f. List the prime factors of g.
2, 3, 5, 7
List the prime factors of 16247 + (-238)/(-84) + (5/(-1))/(-30).
2, 5, 13
Suppose -36 = -40*x + 31*x. Suppose 0 = 4*u - y - 2215, -1121 = -x*u + 2*u + 5*y. What are the prime factors of u?
7, 79
Let c = 107520 - 54584. What are the prime factors of c?
2, 13, 509
Suppose 2*q - 7*q - 680 = 0. Let i = q + 138. Suppose 5*a = -i*a + 1890. List the prime factors of a.
2, 3, 5
Let v(i) = 6*i. Let f be v(1). Suppose -12*u + 275 + 49 = 0. Let n = u + f. What are the prime factors of n?
3, 11
Let h(p) = -765*p - 8906. List the prime factors of h(-31).
59, 251
Let w(l) = -l**2 + 5*l - 30. Let s be w(0). Let n = -10 - s. List the prime factors of (-7 - 102/10)/((-2)/n).
2, 43
Let z(c) = 2*c**2 + 29*c - 11. Suppose 27 - 119 = 4*g. What are the prime factors of z(g)?
2, 5, 19
Suppose 0 = m - 5*v - 35435, -10940 = -4*v - 10956. List the prime factors of m.
3, 5, 787
Let t = -77 - -80. Suppose y + 3*j - 301 = 0, 0 = -9*y + 5*y + t*j + 1189. List the prime factors of y.
2, 149
Let z(q) = -56*q**3 + 6*q**2 + 9*q - 4. Suppose -11*p - 3*h = -7*p - 4, -5*h + 20 = 0. List the prime factors of z(p).
2, 3, 5
Let s(t) = 33*t**3 - 3*t**2 + 2*t. Let o be s(1). List the prime factors of (o/14)/(9/126).
2
Let k = -114 + 157. Suppose -327 = -4*t - k. What are the prime factors of t?
71
Let l = -9677 + 6605. Let d = -1520 - l. What are the prime factors of d?
2, 97
What are the prime factors of ((-47801)/30 - ((-268)/15 - -18))*-2?
3187
Suppose 3*b + 3*s = 27, 6*b - 5*s + 33 = 9*b. What are the prime factors of (-1835)/(-2) - b/36*3?
7, 131
Suppose -3*y - 36*d + 41*d = -271, 489 = 5*y + d. List the prime factors of y.
97
Let f be 246/12 + 2/(-4). Suppose -25 = 2*q - 5*c, -c - f = 3*q - 5*c. Suppose -7*t + 231 = -q*t. List the prime factors of t.
3, 11
Suppose -2*b + 2690 = 4*f, -14*f = 3*b - 15*f - 4049. List the prime factors of b.
19, 71
Suppose -1326838 = -128*u + 3622538. What are the prime factors of u?
3, 12889
Let r = -45 - -13